)?
2
Let d(o) = o**2 + 6*o + 3. Let c be d(-6). Suppose -c*x = 5*x - 2232. List the prime factors of x.
3, 31
List the prime factors of (-2)/6 + 797267/(-236)*(-8)/6.
2, 563
Suppose -2*c - 5*d + 6403 = 0, -6 = -3*d + 9. Suppose 0 = -23*z + c + 11485. What are the prime factors of z?
2, 11, 29
Let h(o) = 4*o**3 - 6*o**2 + 6*o - 23. Let t be h(5). Suppose -3*l = 2*d - 1070, -6*l - d + t = -5*l. List the prime factors of l.
2, 89
Suppose 0 = -20*k + 22*k - 742. Let h = k - 166. Suppose -h = -3*l - 82. List the prime factors of l.
41
What are the prime factors of ((-81)/(-162))/(3 + 26866/(-8956))?
2239
Let c(q) = -q**3 + 3*q**2 - 19*q + 5690. List the prime factors of c(0).
2, 5, 569
Let u(v) = 21*v**3 + v**2. Let c be u(1). Let w be 50/((-16)/((-24)/3)). Suppose -18 = c*s - w*s. List the prime factors of s.
2, 3
Let h = -27562 - -40327. Suppose h = 10*m + 2685. List the prime factors of m.
2, 3, 7
Let w(v) = -v**2 - 15*v - 19. Let y be w(-10). Let g = 31 - y. Suppose g = 4*o - 6*o + 12. List the prime factors of o.
2, 3
Let c = 58923 + -41508. What are the prime factors of c?
3, 5, 43
Let b be (-15)/(-40) + 92442/16. List the prime factors of b/6 + 4 - 9.
2, 479
Let j be (-45)/(-25) - 3/(-15). Let q be ((-6)/j)/(-20 + 21). List the prime factors of -22*(-5 + (1 - q)).
2, 11
Let z be (-346)/6 + 2/(-6). Let p(h) = -21*h + 20. Let q be p(-4). Let v = z + q. List the prime factors of v.
2, 23
Suppose 2*x + 324 = 4*b - 2*x, 4*b - 328 = 3*x. Suppose -5*i = -a - b + 255, 2*a = -3*i + 275. What are the prime factors of a?
5, 29
Let u(y) = -2*y**2 + y**2 - 13 - 16*y - 7 + 3*y. Let o be u(-11). Suppose -4*g = o*h - 154, 3*h - 2*g = 176 + 31. What are the prime factors of h?
71
Suppose 74*l + 42 = 81*l. List the prime factors of (-67 - 1)*(4 - l).
2, 17
Let z = 4723 + 4872. List the prime factors of z.
5, 19, 101
Let v = -242 + 301. Suppose 168 = 63*m - v*m. What are the prime factors of m?
2, 3, 7
Suppose -189 = 34*h + 83. Let x(t) be the third derivative of t**6/120 + 11*t**5/60 - t**4/6 - 7*t**3/3 - 4*t**2. What are the prime factors of x(h)?
2, 3, 5, 7
Suppose 0 = -k - 5*o + 30, 5*o - 9*o + 4 = 0. Let t = 108 - 62. Let v = t - k. What are the prime factors of v?
3, 7
Suppose -7*g = 15*g - 16390. Let y = g - 114. List the prime factors of y.
631
Let q = 4475 - 2880. What are the prime factors of q?
5, 11, 29
Let s(n) = 2*n - 13. Let z be s(8). Let t be (2 + z)*3/15. What are the prime factors of (1/(-3))/((-3)/369)*t?
41
Let d(a) = 41*a - 36. Let x be d(6). List the prime factors of (x/56)/((-2)/(-520)).
3, 5, 13
Suppose 1300 = 3*q + 5*d, -5*q + 3*d = -1780 - 364. Let l = q + -219. Let x = l - 125. List the prime factors of x.
2, 43
Suppose -b - 7 = 3*q + 7, -3*q - 17 = -2*b. Let a = 116 - b. What are the prime factors of a?
5, 23
Let k = -10 - -12. Suppose 2*b + 4*w + k = 0, -1 = -2*w - 7. Suppose p = -0*p + 3*f + 35, -p + b*f = -25. What are the prime factors of p?
2, 5
Let h = -338 + 658. List the prime factors of h.
2, 5
Let j = 83 - 64. Suppose 0 = -3*p - 9, -2*v = 3*v - 3*p - j. Suppose -b = -v*b + 45. List the prime factors of b.
3, 5
Let p(g) = g**3 - g**2 - g - 1. Let z(v) = -134*v**3 + 2*v**2 + 5*v + 3. Let a(b) = -3*p(b) - z(b). Let r be (19 + -17)/(2 + 0). List the prime factors of a(r).
2, 5, 13
Let c = -106392 + 161304. What are the prime factors of c?
2, 3, 11, 13
Let d be (-10)/(-15) - (-4)/(-6). Suppose 0*n + 2*n + 2*p - 6 = d, 2*n = -p + 3. Suppose r + 3*r - 2*i - 362 = n, 4*r - 377 = 5*i. List the prime factors of r.
2, 11
Let a = 3094 + -84. Suppose 6*h - h = a. What are the prime factors of h?
2, 7, 43
Let j = -23 + 28. Suppose 4*o - 5*o = f, -5*f + j*o + 40 = 0. Suppose i + z = -3*z + 113, -f = 2*z. List the prime factors of i.
11
Suppose -136 = 2*t - 2*f, -2*t - 50 = -t + 5*f. Let a = -58 - t. What are the prime factors of (2*-1)/(a + (-1239)/175)?
5
Suppose 0 = 10*t + 1591 - 8011. Let a = t - 440. List the prime factors of a.
2, 101
Suppose 0 = 3*i - 3*g + 175 - 19, 4*i = -5*g - 208. Let c = i - -44. List the prime factors of ((-4)/c - (-57)/2)*1.
29
Suppose 10*d - 1826 = 104. Suppose 3*c - 173 = i + d, 5*c = 4*i + 610. What are the prime factors of c?
2, 61
Suppose h - 2*h = -12. Let k(i) be the third derivative of i**5/60 - i**4/2 + 19*i**3/2 + 967*i**2. List the prime factors of k(h).
3, 19
Let h = 1798 - -508. List the prime factors of h.
2, 1153
Let g = 91 + 329. Let a = g - -521. What are the prime factors of a?
941
Let c(z) = z**2 - 4*z - 32. Let t be c(8). Let r(k) = -2*k**3 - 5*k + 19. What are the prime factors of r(t)?
19
Let n = 60257 + -42727. List the prime factors of n.
2, 5, 1753
Let p be -1*-2*(-4 + 595/2). Let x = p + 409. What are the prime factors of x?
2, 3, 83
Suppose -3*w - x + 233 = 0, 0 = 3*w - 4*x - 19 - 234. Let y = w - 83. Let l(k) = 5*k**2 + 3*k - 11. What are the prime factors of l(y)?
3, 19
Suppose -214*x = -209*x + 20. What are the prime factors of 18 - (2/x)/(5/(-10))?
17
Suppose x - n + 1 = 9, 2*x = -n + 7. Suppose -2*d - 3*o + 5*o = -12, 65 = x*d + 2*o. Suppose -613 = d*w - 3033. What are the prime factors of w?
2, 5, 11
Suppose 113*x - 62852 = -b + 109*x, -2*b + 125743 = -5*x. What are the prime factors of b?
2, 3929
Let m(b) = -18*b + 40. Let d be m(-2). Let l = 323 + d. List the prime factors of l.
3, 7, 19
Let q = -155 - -158. Suppose -y + 2635 = 2*m, -2827 = -q*m + 3*y + 1130. List the prime factors of m.
2, 659
Let g be 13/(-39) - 938/(-6). Let c = g - 97. Suppose 0 = 2*t - 93 - c. What are the prime factors of t?
2, 19
Let s = -6778 + 4423. Let v = s + 4039. What are the prime factors of v?
2, 421
Let w(c) = -c**2 + c + 33. Let a be w(6). Suppose -2*o + 252 = 4*d, -2*d + 383 = a*o + 3*d. What are the prime factors of o?
2, 17
Let k be (-58)/(-6) + (-3 - (-10)/3). Let b be (-45)/(-105) + (-2444)/(-14). Suppose -5*h - 5*y + b = -k*y, -y + 199 = 5*h. List the prime factors of h.
3, 13
Suppose 4036 = 2*u + 2*k, -6*k = 5*u - 8*k - 10076. Suppose -3*d = -4*s - d + u, 3*d - 1008 = -2*s. What are the prime factors of s?
2, 3, 7
Let o = 51 - 48. Suppose 0 = -o*d + 2*h + 1135, 3*d = d - 5*h + 744. Suppose -1341 = -4*s - d. List the prime factors of s.
241
Let x(j) = 993*j**3 + 10*j**2 - 27*j + 9. What are the prime factors of x(3)?
3, 11, 271
Let k(c) = 1682*c**2 - 33*c + 45. List the prime factors of k(6).
3, 2237
Suppose 5*l - 5547 = 43. Let m = l + -97. List the prime factors of m.
1021
Suppose -16*a + 37739 = 3*x - 18*a, 2*x - a - 25162 = 0. What are the prime factors of x?
3, 5, 839
Suppose 3*b - 3497 = -q, -3*b + 3487 = -7*q + 6*q. Let j = 1744 - b. List the prime factors of j.
2, 5, 29
Suppose -5*f - 1123 = -l, -l + 1122 = -4*f - 0*f. Let b = l + -665. What are the prime factors of b?
3, 151
Suppose j - 17 = -9. Suppose -j*r + 1610 = -r. Let g = r + -153. List the prime factors of g.
7, 11
Let t(s) be the third derivative of s**6/120 + 17*s**5/60 + 25*s**4/24 + 4*s**3 - 17*s**2. What are the prime factors of t(-11)?
5, 19
Suppose 13*f + 64 = -5*x + 10*f, -3*x + 3*f - 48 = 0. What are the prime factors of (-11055)/11*(x/(-6) + -3)?
2, 5, 67
Let m = -19 - -4. Let h = m + 17. Suppose 0 = -0*x - 3*x + 4*y + 75, -27 = -x + h*y. What are the prime factors of x?
3, 7
Let p = 12885 - -6191. List the prime factors of p.
2, 19, 251
Suppose -11*l + 23912 = -4*l. Suppose 0*x = -7*x + l. List the prime factors of (18/12)/(6/x).
2, 61
Suppose 2*l + 12*l = -42. Let s(a) = -7*a**3 - 4*a**2 - 14*a - 29. List the prime factors of s(l).
2, 83
Suppose -3*s + 5*d + 480 - 82 = 0, -5*s = d - 710. Suppose -20*b - 35210 = -35370. Suppose -s = -q + 5*u, -b*q - 5*u = -11*q + 423. List the prime factors of q.
3, 47
Let z be (10 + -5 - 1) + 4. What are the prime factors of 1/(-5 + 36/z) - -246?
2, 61
Let m = 11891 + -6652. What are the prime factors of m?
13, 31
Suppose -6*z - 2*z = 40. Let f = z + 8. Suppose 142 + 14 = f*n. List the prime factors of n.
2, 13
Let c(r) = -154*r**3 - 25*r**2 - 102*r - 14. List the prime factors of c(-5).
19121
Let l = 59 - 108. Let z = -42 - l. Suppose 0 = -z*g + 5*g + 42. List the prime factors of g.
3, 7
Let o(h) = -h**3 + 8*h**2 + 2*h - 11. Suppose -2*y - 2*k = -5*y + 24, -3*k + 32 = 4*y. Let n be y + 0 - 0/(-11). List the prime factors of o(n).
5
Let y(f) = -f**3 - 3*f**2 - 4*f -